digit of 4358282?
4
What is the hundreds digit of 7854752?
7
What is the tens digit of 800847?
4
What is the thousands digit of 2657439?
7
What is the units digit of 470169?
9
What is the tens digit of 283300?
0
What is the units digit of 4906058?
8
What is the hundred thousands digit of 3831017?
8
What is the units digit of 3693543?
3
What is the hundreds digit of 36148?
1
What is the units digit of 28590?
0
What is the hundreds digit of 265032?
0
What is the ten thousands digit of 51001?
5
What is the ten thousands digit of 582304?
8
What is the tens digit of 9201077?
7
What is the hundreds digit of 971112?
1
What is the units digit of 235183?
3
What is the units digit of 4227054?
4
What is the thousands digit of 543253?
3
What is the millions digit of 2353489?
2
What is the units digit of 185735?
5
What is the thousands digit of 7501398?
1
What is the tens digit of 1202607?
0
What is the millions digit of 1670091?
1
What is the hundreds digit of 123939?
9
What is the hundreds digit of 849483?
4
What is the hundred thousands digit of 6127778?
1
What is the hundred thousands digit of 379808?
3
What is the tens digit of 4001756?
5
What is the hundreds digit of 1117227?
2
What is the tens digit of 36944?
4
What is the ten thousands digit of 215907?
1
What is the millions digit of 1203575?
1
What is the tens digit of 627550?
5
What is the hundreds digit of 4410053?
0
What is the hundred thousands digit of 648937?
6
What is the tens digit of 242697?
9
What is the ten thousands digit of 409022?
0
What is the hundreds digit of 2459151?
1
What is the ten thousands digit of 141039?
4
What is the hundreds digit of 259015?
0
What is the hundred thousands digit of 245235?
2
What is the hundreds digit of 7390582?
5
What is the ten thousands digit of 955953?
5
What is the millions digit of 1018104?
1
What is the thousands digit of 1993663?
3
What is the ten thousands digit of 633019?
3
What is the hundred thousands digit of 3646625?
6
What is the units digit of 136330?
0
What is the hundred thousands digit of 180363?
1
What is the units digit of 18273916?
6
What is the thousands digit of 510491?
0
What is the millions digit of 4506851?
4
What is the hundred thousands digit of 282880?
2
What is the tens digit of 1273619?
1
What is the thousands digit of 1075707?
5
What is the hundreds digit of 3030967?
9
What is the ten millions digit of 10663260?
1
What is the ten thousands digit of 984619?
8
What is the ten millions digit of 23064182?
2
What is the units digit of 6179198?
8
What is the thousands digit of 27258?
7
What is the hundred thousands digit of 20564580?
5
What is the millions digit of 26820379?
6
What is the thousands digit of 684378?
4
What is the hundreds digit of 263049?
0
What is the millions digit of 2316095?
2
What is the millions digit of 1833646?
1
What is the millions digit of 4647034?
4
What is the millions digit of 26664736?
6
What is the hundreds digit of 9677752?
7
What is the tens digit of 447985?
8
What is the millions digit of 21012336?
1
What is the tens digit of 287133?
3
What is the tens digit of 1072593?
9
What is the ten thousands digit of 22685144?
8
What is the units digit of 822238?
8
What is the thousands digit of 327703?
7
What is the thousands digit of 18195263?
5
What is the units digit of 856571?
1
What is the units digit of 1297991?
1
What is the thousands digit of 67503?
7
What is the tens digit of 309854?
5
What is the hundred thousands digit of 140226?
1
What is the hundred thousands digit of 307726?
3
What is the units digit of 1652582?
2
What is the units digit of 1528431?
1
What is the ten thousands digit of 477519?
7
What is the thousands digit of 7006248?
6
What is the tens digit of 6743915?
1
What is the hundreds digit of 184947?
9
What is the ten thousands digit of 11885403?
8
What is the tens digit of 671865?
6
What is the units digit of 116513?
3
What is the units digit of 198399?
9
What is the hundreds digit of 2695389?
3
What is the hundred thousands digit of 738972?
7
What is the units digit of 21140429?
9
What is the hundred thousands digit of 1516915?
5
What is the millions digit of 26299589?
6
What is the hundred thousands digit of 2135612?
1
What is the ten thousands digit of 579313?
7
What is the hundreds digit of 116233?
2
What is the hundreds digit of 533816?
8
What is the hundreds digit of 416648?
6
What is the hundreds digit of 152313?
3
What is the ten thousands digit of 8937643?
3
What is the hundreds digit of 26976?
9
What is the thousands digit of 1615127?
5
What is the units digit of 1465296?
6
What is the tens digit of 16678912?
1
What is the units digit of 45172?
2
What is the thousands digit of 25563?
5
What is the hundreds digit of 225316?
3
What is the hundred thousands digit of 108850?
1
What is the units digit of 750362?
2
What is the hundreds digit of 510417?
4
What is the hundreds digit of 84195?
1
What is the thousands digit of 14979?
4
What is the hundreds digit of 16685970?
9
What is the hundreds digit of 908981?
9
What is the units digit of 539268?
8
What is the units digit of 21170251?
1
What is the tens digit of 12271643?
4
What is the hundreds digit of 569306?
3
What is the thousands digit of 15364054?
4
What is the ten thousands digit of 707396?
0
What is the hundred thousands digit of 1919925?
9
What is the ten thousands digit of 2105368?
0
What is the millions digit of 7520836?
7
What is the units digit of 5189945?
5
What is the hundreds digit of 18345?
3
What is the tens digit of 12759134?
3
What is the units digit of 692522?
2
What is the ten thousands digit of 6363391?
6
What is the ten thousands digit of 203817?
0
What is the tens digit of 308738?
3
What is the tens digit of 435865?
6
What is the thousands digit of 462567?
2
What is the thousands digit of 4732108?
2
What is the units digit of 4733088?
8
What is the hundreds digit of 567458?
4
What is the ten millions digit of 10000771?
1
What is the units digit of 492330?
0
What is the units digit of 410629?
9
What is the hundreds digit of 2507810?
8
What is the millions digit of 24038285?
4
What is the hundreds digit of 5806820?
8
What is the thousands digit of 126432?
6
What is the hundreds digit of 1500436?
4
What is the hundred thousands digit of 578597?
5
What is the thousands digit of 64834?
4
What is the units digit of 1761179?
9
What is the tens digit of 154815?
1
What is the units digit of 571130?
0
What is the thousands digit of 66981?
6
What is the thousands digit of 1283247?
3
What is the hundreds digit of 367415?
4
What is the hundreds digit of 68297?
2
What is the hundreds digit of 59772?
7
What is the ten thousands digit of 23748247?
4
What is the ten millions digit of 30937667?
3
What is the tens digit of 345239?
3
What is the tens digit of 98734?
3
What is the hundreds digit of 65691?
6
What is the units digit of 309861?
1
What is the hundreds digit of 229249?
2
What is the units digit of 1266963?
3
What is the millions digit of 4811000?
4
What is the tens digit of 25286846?
4
What is the thousands digit of 1068942?
8
What is the ten thousands digit of 11286060?
8
What is the units digit of 1165649?
9
What is the millions digit of 1785513?
1
What is the ten thousands digit of 470268?
7
What is the hundred thousands digit of 2214841?
2
What is the units digit of 8325989?
9
What is the hundreds digit of 138390?
3
What is the ten thousands digit of 205373?
0
What is the units digit of 587389?
9
What is the hundreds digit of 361023?
0
What is the units digit of 461584?
4
What is the hundred thousands digit of 606836?
6
What is the units digit of 48719?
9
What is the units digit of 1097190?
0
What is the thousands digit of 832399?
2
What is the millions digit of 8885548?
8
What is the tens digit of 1545575?
7
What is the ten thousands digit of 14516154?
1
What is the tens digit of 7181?
8
What is the hundreds digit of 18285058?
0
What is the tens digit of 3876737?
3
What is the units digit of 1458603?
3
What is the units digit of 866109?
9
What is the hundreds digit of 1139523?
5
What is the units digit of 606401?
1
What is the hundred thousands digit of 2481659?
4
What is the hundred thousands digit of 5969501?
9
What is the thousands digit of 14394306?
4
What is the hundreds digit of 1274189?
1
Wh